j = -387 - -430. What is the remainder when j is divided by 15?
13
Suppose 69 = 5*q - 3*p, -4 = 2*p + 2. Calculate the remainder when 35 is divided by q.
11
Calculate the remainder when 67 is divided by -6 - (132/110)/((-6)/80).
7
Suppose -4*b + 19 = -1. Suppose t - b*d = 137, -2*t = 5*d - 218 - 116. What is the remainder when t is divided by 40?
37
Let l = 3 + 2. Suppose -15 + 15 = -22*o + 88. Calculate the remainder when l is divided by o.
1
Suppose -k + 2*k - 9 = 5*u, 2*u = -2. Suppose k*g - 67 - 209 = 0. Suppose 2*f - 23 = 49. Calculate the remainder when g is divided by f.
33
Let o = -387 - -402. Let f(l) = -l**3 + 2*l**2 + 3*l - 3. Calculate the remainder when o is divided by f(2).
0
Suppose 0 = 3*w - 2*p - 212, 3*w - 5*p = 2*w + 49. What is the remainder when 204 is divided by w?
56
Let z be ((-45)/(-10) - 3)*558. Suppose z = 4*c - 5*w, 849 = 6*c - 2*c - w. What is the remainder when c is divided by 36?
33
Suppose 0*g + 230 = 2*g - 4*h, 432 = 4*g - h. Calculate the remainder when g is divided by 27.
26
Suppose 3*l = -0*l - 15, -r - 3*l = -142. What is the remainder when r is divided by 24?
13
Let v(q) = q + 4. Let j be v(-2). Suppose 0 = j*r - r. Calculate the remainder when (-4 + r)*(-68)/16 is divided by 9.
8
Suppose 4*g - 116 - 16 = 0. Suppose 2*v = -5*a + 121, 3*v + 2*a = 121 + g. What is the remainder when v is divided by 18?
12
Suppose 57 = 5*y + 2*n, -2*n - 41 = -3*y + 6. Let l(f) = f**2 - 10*f + 15. Calculate the remainder when l(y) is divided by (5 - 0)*42/15.
12
Suppose 3*l + 5 = -m, 10*l = 7*l - 9. Calculate the remainder when 7 is divided by m.
3
Suppose 2*l = 8, -5*w - 3*l + 33 = -39. Calculate the remainder when 68 is divided by w.
8
Let k(t) = -t**3 + 4*t**2 + 10*t - 23. Calculate the remainder when 1133 is divided by k(4).
11
Let d be (-4)/(-14) - (-26)/7. Let t(v) = v**3 - 4*v**2 + 5*v - 6. Let o = 745 + -690. What is the remainder when o is divided by t(d)?
13
Suppose 2*y - 364 = -4*f, 4*f - 4*y = 231 + 157. What is the remainder when 370 is divided by f?
91
Let o = -1102 - -1158. What is the remainder when 204 is divided by o?
36
Suppose -5*y + 2*o - 3*o + 87 = 0, 2*o + 30 = 2*y. Calculate the remainder when 29 is divided by y.
12
Let f = -483 + 725. Calculate the remainder when f is divided by 51.
38
Suppose 3*l - 4*l = 0, 3*l = -4*s + 808. What is the remainder when s is divided by 16?
10
Let v = -1 - -3. Suppose 0 = -0*r - v*r + 28. What is the remainder when 53 is divided by r?
11
Let a = -22 - -37. Calculate the remainder when (4 - a/6)*10 is divided by 4.
3
Let r = -1068 - -1638. What is the remainder when r is divided by 41?
37
Let r(s) = -s**3 - 2*s**2 + 2*s + 1. Let a = -105 - -101. Calculate the remainder when 99 is divided by r(a).
24
Let c = 1 - -12. Let n = -264 - -262. Let r = 39 + n. Calculate the remainder when r is divided by c.
11
Let n(s) = -s**3 + 3*s**2 + 4. Suppose x + 0*x - 4 = 0. Let y be n(x). Let u = -7 - y. Calculate the remainder when u is divided by 4.
1
Let y(h) = 7*h**3 - 19*h**2 + h + 5. What is the remainder when 47 is divided by y(3)?
21
Let p = 1375 + -618. What is the remainder when p is divided by 11?
9
Let u = 2286 + -2265. Calculate the remainder when 346 is divided by u.
10
Let c(n) = -25*n**3 - 3*n**2 - 4*n - 2. Calculate the remainder when 164 is divided by c(-1).
20
Let m = 419 - 152. What is the remainder when m is divided by 54?
51
What is the remainder when (5/(0 - 10)*260)/(-1) is divided by 11?
9
Suppose 3*t + 4*r - 8 = 9, t + 1 = 2*r. Suppose t*h + 4*x = 193, 0*x = 2*h + 3*x - 129. Calculate the remainder when h is divided by 3/(-1 + 4) - -12.
11
Let g = 59 + -23. Let j = g - 12. Calculate the remainder when j is divided by 13.
11
Let w = -309 - -346. What is the remainder when w is divided by 14?
9
Let f = -20 + 54. Suppose 0*s = -2*s + 5*i - 14, -3*i + 12 = 0. Calculate the remainder when f is divided by -4*3/(-4)*s.
7
Suppose -c + 0 + 4 = 0. Suppose 0 = 4*x + 5*l - 0*l - 244, -5*x + 318 = 3*l. What is the remainder when x is divided by (-1 - -17)/c - -19?
20
Let g = 1435 + -1422. Let c = -1 + 11. What is the remainder when g is divided by c?
3
What is the remainder when 48940/220 + (-12)/(-22) is divided by 7?
6
Let a(i) = -18*i - 14. Let c(g) = 5*g - 7. What is the remainder when c(6) is divided by a(-1)?
3
Let j = -111 - -111. Suppose 33*i - 29*i - 520 = j. Calculate the remainder when i is divided by 33.
31
Let b(w) = 4*w + 94. What is the remainder when b(22) is divided by 58?
8
Let h be ((-4)/(-4))/(2/(-34)). Let x = 20 + h. Calculate the remainder when x is divided by 1.
0
Suppose l + 92 = -17. Let a = -59 - l. Let q = a - 34. What is the remainder when 45 is divided by q?
13
Let i(x) = -x**2 + 8*x - 5. Let j be i(10). Calculate the remainder when (-302)/(-10) + 5/j is divided by 8.
6
Let y = -32 + 54. Suppose -6 = -m - 2*m. Calculate the remainder when 42 is divided by -2 + m + 0 + y.
20
Let j(a) = 2*a**2 + 2*a + 14. Let v be j(6). What is the remainder when (v/(-6) + 1)/(8/(-12)) is divided by 3?
2
Let y(k) = k**3 + 14*k**2 - 13*k - 25. Calculate the remainder when y(-13) is divided by 105.
103
Let l be (-51 + -1)*(-5)/2. Suppose 3*n = -r + l - 26, 2*r = 2*n + 184. What is the remainder when r is divided by 16?
15
Let b(f) = -2*f**3 - 5*f**2 - f + 3. What is the remainder when 21 is divided by b(-3)?
6
Let y = 370 + -355. Calculate the remainder when 132 is divided by y.
12
Let n = 87 - 33. What is the remainder when n is divided by (-6)/(-15) - (-204)/15?
12
Let o = 328 + -318. Calculate the remainder when 2499 is divided by o.
9
Suppose 3*y - y - 185 = r, 79 = y + 4*r. Suppose 5*w - 6*w = -12. What is the remainder when y is divided by (184/w)/(4/6)?
22
Let v = 28 + -28. Suppose v = -124*r + 119*r + 135. What is the remainder when r is divided by 10?
7
Suppose -3*f + 26 = -58. Suppose -3*r - 7 = -f. Let x(t) = 5*t**3 - t**2. What is the remainder when r is divided by x(1)?
3
Let d be 2/3*60/8. Suppose -4*f + 102 = -2*w, -109 = -0*f - 3*f - d*w. What is the remainder when f is divided by 15?
13
Let n(y) = 7*y**2 - 1. Let v be n(-1). Calculate the remainder when (3 - 3) + 18 - -2 is divided by 3/v + 21/2.
9
Let c(z) = 2*z**2 - 5*z - 8. Let p(l) = l**3 - 13*l**2 + 24*l - 20. Let r be p(11). What is the remainder when (r - 38)*165/(-44) is divided by c(6)?
33
Let v(t) = 4*t - 77. Let n be v(19). Let p = -14 - -21. What is the remainder when ((-198)/4)/n*52/78 is divided by p?
5
Suppose -2*n + 5*n - 36 = -3*v, -23 = -2*v - 3*n. Suppose -r - 2*r + 189 = 0. What is the remainder when r is divided by v?
11
Suppose -631 - 243 = -19*z. Calculate the remainder when 77 is divided by z.
31
Let d(p) = 2*p**2 + 1. Suppose 3*r + 21 = 5*j - 2*j, -r + 5*j + 13 = 0. Let f = 15 + r. What is the remainder when d(1) is divided by f?
0
Let j(c) = -c**2 + c. Let r = -29 + 27. Let w be j(r). Let d = 35 + w. What is the remainder when 56 is divided by d?
27
Let r(s) = -2*s - 3. Let o be r(-3). Calculate the remainder when o + ((-8)/4 - -23) is divided by (-4)/6 + 58/6.
6
Suppose -3*k + 17 = 2. Suppose -k*c + 5*l = -95 + 20, c + 2*l - 21 = 0. Calculate the remainder when (-65)/(-2) - (-8)/16 is divided by c.
16
Let r be 19/(((-25)/(-15))/5). Suppose 2*d = -5*p + 5 + 61, 5*p = d + r. Calculate the remainder when 33 is divided by p.
9
Let o = -328 + 367. What is the remainder when 348 is divided by o?
36
Let a = -766 - -845. Calculate the remainder when a is divided by 29.
21
Let w(m) = -2*m - 1. Let u be w(2). Let x be (-3)/u - (-94)/10. Calculate the remainder when 69/4 - x/40 is divided by 6.
5
Let v(l) = -l**3 - 16*l**2 - 16*l. Suppose 0 = s - 5 + 20. Let i(n) = n**2 + n + 27. Calculate the remainder when i(0) is divided by v(s).
12
Let b be (-4)/(-30) + (-215)/(-75). Suppose -b*x = -x - 4. Suppose x*y - 2*w - 3 - 17 = 0, -2*w - 30 = -3*y. What is the remainder when 17 is divided by y?
7
Suppose 0 = 5*r - 2*r - 27. Let y(z) = z + 4. Let o be y(-12). Calculate the remainder when 7 is divided by o/32 + r/4.
1
Suppose 0 = -11*b + 14*b - 21. Suppose b*c = 635 - 145. Calculate the remainder when c is divided by 19.
13
Let k(n) = 2*n**3 + n**2 + n - 2. Let p be k(4). Let m = p + -84. Calculate the remainder when m is divided by -2*(0 + (-39)/6).
10
Let x(f) = 2*f**3 - f**2 - f - 1. 